hat are the prime factors of 4651800?
2, 3, 5, 7753
What are the prime factors of 17473?
101, 173
What are the prime factors of 343758?
2, 3, 23, 47, 53
What are the prime factors of 116739?
3, 7, 17, 109
What are the prime factors of 45920?
2, 5, 7, 41
List the prime factors of 359538.
2, 3, 31, 1933
List the prime factors of 1332859.
11, 121169
List the prime factors of 726717.
3, 37, 6547
List the prime factors of 48875.
5, 17, 23
List the prime factors of 26743947.
3, 8914649
What are the prime factors of 1308440?
2, 5, 7, 4673
What are the prime factors of 614424?
2, 3, 25601
List the prime factors of 1553739.
3, 11, 197, 239
List the prime factors of 1407352.
2, 175919
What are the prime factors of 2023632?
2, 3, 13, 23, 47
List the prime factors of 740631.
3, 29, 8513
What are the prime factors of 1132575?
3, 5, 15101
What are the prime factors of 426504?
2, 3, 13, 1367
What are the prime factors of 86272?
2, 337
List the prime factors of 265569.
3, 88523
What are the prime factors of 33815198?
2, 23, 735113
List the prime factors of 87517.
87517
List the prime factors of 250965.
3, 5, 11, 13
List the prime factors of 13293706.
2, 2083, 3191
What are the prime factors of 11160927?
3, 67, 83, 223
List the prime factors of 13277531.
281, 47251
List the prime factors of 2978483.
2978483
What are the prime factors of 2732840?
2, 5, 11, 6211
List the prime factors of 164270.
2, 5, 16427
List the prime factors of 135316.
2, 33829
What are the prime factors of 3612912?
2, 3, 75269
What are the prime factors of 1697502?
2, 3, 282917
What are the prime factors of 3431651?
103, 33317
What are the prime factors of 194811?
3, 64937
What are the prime factors of 314860?
2, 5, 7, 13, 173
List the prime factors of 3648278.
2, 1824139
List the prime factors of 11144340.
2, 3, 5, 101, 613
What are the prime factors of 240983?
137, 1759
What are the prime factors of 4088453?
97, 113, 373
What are the prime factors of 120446?
2, 60223
What are the prime factors of 11073945?
3, 5, 738263
List the prime factors of 19200206.
2, 9600103
What are the prime factors of 29723294?
2, 113, 131519
What are the prime factors of 7565600?
2, 5, 7, 193
What are the prime factors of 345321?
3, 17, 37, 61
List the prime factors of 16317450.
2, 3, 5, 17, 79
What are the prime factors of 414666?
2, 3, 7, 1097
What are the prime factors of 1486433?
13, 109, 1049
List the prime factors of 323316.
2, 3, 7, 1283
What are the prime factors of 777918?
2, 3, 317, 409
What are the prime factors of 2918361?
3, 972787
List the prime factors of 1324744.
2, 43, 3851
What are the prime factors of 196759?
41, 4799
What are the prime factors of 19995602?
2, 11, 23, 43, 919
List the prime factors of 100070.
2, 5, 10007
List the prime factors of 40190.
2, 5, 4019
What are the prime factors of 14613727?
17, 83, 10357
What are the prime factors of 706316?
2, 13, 17, 47
What are the prime factors of 2817787?
7, 402541
List the prime factors of 1984310.
2, 5, 31, 37, 173
What are the prime factors of 76260?
2, 3, 5, 31, 41
What are the prime factors of 25325460?
2, 3, 5, 193
What are the prime factors of 30331828?
2, 19, 317, 1259
What are the prime factors of 179609?
293, 613
List the prime factors of 168868.
2, 7, 37, 163
What are the prime factors of 306796?
2, 7, 10957
What are the prime factors of 294398?
2, 13, 67
What are the prime factors of 126067?
126067
What are the prime factors of 314935?
5, 62987
List the prime factors of 671327.
19, 89, 397
What are the prime factors of 1600149?
3, 353, 1511
What are the prime factors of 205625?
5, 7, 47
List the prime factors of 314329.
314329
List the prime factors of 2683194.
2, 3, 337, 1327
What are the prime factors of 508223?
508223
List the prime factors of 310997.
310997
List the prime factors of 295976.
2, 36997
List the prime factors of 2178985.
5, 137, 3181
What are the prime factors of 6622514?
2, 59, 56123
What are the prime factors of 1003234?
2, 501617
What are the prime factors of 3787934?
2, 1893967
List the prime factors of 36292441.
36292441
List the prime factors of 1082878.
2, 541439
List the prime factors of 433831.
463, 937
List the prime factors of 509396.
2, 347, 367
List the prime factors of 387510.
2, 3, 5, 12917
What are the prime factors of 1653571?
31, 41, 1301
List the prime factors of 404869.
23, 29, 607
List the prime factors of 129388.
2, 7, 4621
What are the prime factors of 12865262?
2, 6432631
What are the prime factors of 375944?
2, 46993
List the prime factors of 68329.
68329
List the prime factors of 149086.
2, 7, 23, 463
List the prime factors of 226139.
101, 2239
List the prime factors of 845754.
2, 3, 7, 13, 1549
What are the prime factors of 8145223?
8145223
What are the prime factors of 421906?
2, 17, 12409
What are the prime factors of 1158866?
2, 579433
List the prime factors of 274515.
3, 5, 18301
List the prime factors of 242336.
2, 7573
What are the prime factors of 231183?
3, 17, 1511
List the prime factors of 148218.
2, 3, 7, 3529
What are the prime factors of 48204?
2, 3, 13, 103
List the prime factors of 11955132.
2, 3, 7, 47441
What are the prime factors of 493895?
5, 98779
What are the prime factors of 1930313?
7, 11, 43, 53
List the prime factors of 23376753.
3, 101, 25717
What are the prime factors of 1095086?
2, 53, 10331
List the prime factors of 351019.
37, 53, 179
What are the prime factors of 8727079?
37, 149, 1583
What are the prime factors of 80315?
5, 16063
What are the prime factors of 668145?
3, 5, 44543
What are the prime factors of 59103?
3, 11, 199
List the prime factors of 359302.
2, 179651
List the prime factors of 690517.
19, 36343
What are the prime factors of 3583378?
2, 1791689
What are the prime factors of 604022?
2, 61, 4951
What are the prime factors of 623159?
41, 15199
What are the prime factors of 25248832?
2, 7, 56359
What are the prime factors of 7142164?
2, 1785541
List the prime factors of 1154196.
2, 3, 10687
List the prime factors of 588748.
2, 103, 1429
What are the prime factors of 699331?
641, 1091
What are the prime factors of 664584?
2, 3, 27691
What are the prime factors of 6506820?
2, 3, 5, 37, 977
What are the prime factors of 17407615?
5, 499, 6977
List the prime factors of 16046608.
2, 1002913
List the prime factors of 89325.
3, 5, 397
What are the prime factors of 573070?
2, 5, 17, 3371
What are the prime factors of 11662644?
2, 3, 7, 138841
What are the prime factors of 3275633?
3275633
List the prime factors of 23463080.
2, 5, 586577
What are the prime factors of 194577?
3, 79, 821
List the prime factors of 16994170.
2, 5, 19, 89443
What are the prime factors of 1174580?
2, 5, 11, 19, 281
List the prime factors of 1483696.
2, 47, 1973
List the prime factors of 124651.
31, 4021
What are the prime factors of 1681077?
3, 107, 5237
List the prime factors of 3588379.
3588379
What are the prime factors of 593066?
2, 19, 15607
List the prime factors of 341549.
13, 43, 47
What are the prime factors of 594973?
47, 12659
What are the prime factors of 5980815?
3, 5, 29, 4583
List the prime factors of 1895348.
2, 7, 13, 41, 127
What are the prime factors of 127798?
2, 11, 37, 157
What are the prime factors of 1550626?
2, 7, 11, 10069
What are the prime factors of 2743850?
2, 5, 54877
What are the prime factors of 1861292?
2, 193, 2411
List the prime factors of 2394021.
3, 7, 114001
What are the prime factors of 10843539?
3, 7, 516359
List the prime factors of 804138.
2, 3, 223, 601
What are the prime factors of 2363369?
571, 4139
What are the prime factors of 6232688?
2, 7, 11, 5059
List the prime factors of 162411.
3, 43, 1259
List the prime factors of 1892440.
2, 5, 11, 17, 23
What are the prime factors of 14824278?
2, 3, 7, 29, 4057
List the prime factors of 293408.
2, 53, 173
What are the prime factors of 347250?
2, 3, 5, 463
List the prime factors of 96021.
3, 47, 227
List the prime factors of 814179.
3, 271393
What are the prime factors of 3705223?
1381, 2683
List the prime factors of 9207624.
2, 3, 383651
What are the prime factors of 17997?
3, 7, 857
What are the prime factors of 6839696?
2, 19, 149, 151
List the prime factors of 5429184.
2, 3, 28277
List the prime factors of 8702550.
2, 3, 5, 83, 233
What are the prime factors of 5762722?
2, 7,